695?
7
What is the tens digit of 133722?
2
What is the ten thousands digit of 27095497?
9
What is the thousands digit of 19543200?
3
What is the ten thousands digit of 411862?
1
What is the hundreds digit of 302629?
6
What is the ten thousands digit of 27628?
2
What is the hundreds digit of 395706?
7
What is the hundreds digit of 81841?
8
What is the hundreds digit of 580204?
2
What is the thousands digit of 3695878?
5
What is the hundred thousands digit of 5546212?
5
What is the tens digit of 4750255?
5
What is the hundred thousands digit of 344675?
3
What is the tens digit of 34988?
8
What is the ten thousands digit of 492805?
9
What is the units digit of 424010?
0
What is the ten millions digit of 17910401?
1
What is the thousands digit of 11780713?
0
What is the ten thousands digit of 1340774?
4
What is the tens digit of 324985?
8
What is the tens digit of 496958?
5
What is the thousands digit of 927892?
7
What is the ten thousands digit of 553104?
5
What is the hundred thousands digit of 208361?
2
What is the units digit of 2734731?
1
What is the hundred thousands digit of 13594769?
5
What is the tens digit of 84657?
5
What is the thousands digit of 718307?
8
What is the tens digit of 921387?
8
What is the tens digit of 4051676?
7
What is the thousands digit of 9672064?
2
What is the hundreds digit of 3642636?
6
What is the hundred thousands digit of 1824792?
8
What is the units digit of 368631?
1
What is the ten thousands digit of 515166?
1
What is the units digit of 1827670?
0
What is the hundreds digit of 104808?
8
What is the units digit of 7125260?
0
What is the hundred thousands digit of 534448?
5
What is the units digit of 208910?
0
What is the hundreds digit of 3369208?
2
What is the hundred thousands digit of 2919896?
9
What is the thousands digit of 1103172?
3
What is the tens digit of 5830501?
0
What is the ten thousands digit of 9851276?
5
What is the hundred thousands digit of 3394743?
3
What is the units digit of 4439967?
7
What is the hundreds digit of 5210791?
7
What is the tens digit of 16948698?
9
What is the hundred thousands digit of 2507744?
5
What is the hundred thousands digit of 4454547?
4
What is the units digit of 7865965?
5
What is the tens digit of 6376739?
3
What is the hundreds digit of 169468?
4
What is the tens digit of 1527643?
4
What is the millions digit of 1041332?
1
What is the thousands digit of 188015?
8
What is the thousands digit of 16139168?
9
What is the tens digit of 189367?
6
What is the tens digit of 2360526?
2
What is the thousands digit of 547533?
7
What is the hundred thousands digit of 3514216?
5
What is the ten thousands digit of 51858?
5
What is the thousands digit of 1890059?
0
What is the hundred thousands digit of 31394625?
3
What is the ten thousands digit of 561302?
6
What is the millions digit of 12638049?
2
What is the units digit of 2852269?
9
What is the tens digit of 4472154?
5
What is the tens digit of 545055?
5
What is the hundreds digit of 8331523?
5
What is the hundreds digit of 44816?
8
What is the units digit of 477626?
6
What is the tens digit of 3003338?
3
What is the hundreds digit of 566704?
7
What is the thousands digit of 2766013?
6
What is the thousands digit of 585188?
5
What is the hundreds digit of 5750744?
7
What is the tens digit of 8255?
5
What is the ten millions digit of 13724793?
1
What is the thousands digit of 40880?
0
What is the ten thousands digit of 1080238?
8
What is the millions digit of 19187948?
9
What is the ten thousands digit of 55106?
5
What is the units digit of 30756?
6
What is the tens digit of 199525?
2
What is the millions digit of 1816960?
1
What is the hundred thousands digit of 3106502?
1
What is the hundreds digit of 2600398?
3
What is the tens digit of 296122?
2
What is the units digit of 422638?
8
What is the hundreds digit of 16476563?
5
What is the units digit of 1451600?
0
What is the units digit of 268770?
0
What is the hundred thousands digit of 407361?
4
What is the hundreds digit of 25928?
9
What is the ten thousands digit of 4065188?
6
What is the millions digit of 8864752?
8
What is the thousands digit of 7337040?
7
What is the tens digit of 585049?
4
What is the ten thousands digit of 5177430?
7
What is the thousands digit of 266457?
6
What is the hundred thousands digit of 2049631?
0
What is the hundred thousands digit of 450184?
4
What is the units digit of 90391?
1
What is the hundred thousands digit of 3962276?
9
What is the hundreds digit of 63476?
4
What is the hundreds digit of 5296723?
7
What is the hundred thousands digit of 12367369?
3
What is the ten thousands digit of 12483239?
8
What is the millions digit of 13637836?
3
What is the millions digit of 4920483?
4
What is the hundred thousands digit of 11063579?
0
What is the hundreds digit of 3015360?
3
What is the tens digit of 1310137?
3
What is the hundreds digit of 217445?
4
What is the hundred thousands digit of 1236144?
2
What is the hundred thousands digit of 543123?
5
What is the hundreds digit of 515063?
0
What is the units digit of 21353755?
5
What is the hundreds digit of 572009?
0
What is the units digit of 286346?
6
What is the thousands digit of 1590466?
0
What is the hundreds digit of 693912?
9
What is the thousands digit of 1157117?
7
What is the units digit of 19949444?
4
What is the hundreds digit of 155270?
2
What is the tens digit of 19824914?
1
What is the hundreds digit of 273287?
2
What is the thousands digit of 210492?
0
What is the hundred thousands digit of 4179553?
1
What is the units digit of 15941458?
8
What is the hundreds digit of 113630?
6
What is the hundred thousands digit of 328595?
3
What is the thousands digit of 1194544?
4
What is the hundred thousands digit of 134051?
1
What is the hundreds digit of 748393?
3
What is the tens digit of 138434?
3
What is the hundreds digit of 321541?
5
What is the hundred thousands digit of 719421?
7
What is the units digit of 6196800?
0
What is the tens digit of 4788549?
4
What is the units digit of 1877692?
2
What is the units digit of 2477889?
9
What is the units digit of 3192559?
9
What is the units digit of 1757073?
3
What is the hundreds digit of 250366?
3
What is the units digit of 173208?
8
What is the thousands digit of 138219?
8
What is the hundred thousands digit of 163289?
1
What is the tens digit of 36080866?
6
What is the units digit of 189868?
8
What is the tens digit of 5908775?
7
What is the thousands digit of 4863778?
3
What is the units digit of 1756818?
8
What is the tens digit of 2776569?
6
What is the tens digit of 241429?
2
What is the tens digit of 79709?
0
What is the ten thousands digit of 147888?
4
What is the units digit of 1628673?
3
What is the thousands digit of 505374?
5
What is the hundreds digit of 1046621?
6
What is the millions digit of 32401499?
2
What is the ten thousands digit of 2637488?
3
What is the thousands digit of 2496052?
6
What is the thousands digit of 813426?
3
What is the hundred thousands digit of 184444?
1
What is the units digit of 606186?
6
What is the units digit of 4831556?
6
What is the hundreds digit of 221088?
0
What is the hundred thousands digit of 1261925?
2
What is the units digit of 13801582?
2
What is the ten thousands digit of 9600135?
0
What is the units digit of 35797157?
7
What is the hundred thousands digit of 247241?
2
What is the thousands digit of 1250982?
0
What is the hundreds digit of 691065?
0
What is the hundreds digit of 2418793?
7
What is the tens digit of 347686?
8
What is the thousands digit of 6165506?
5
What is the hundred thousands digit of 197554?
1
What is the millions digit of 3132057?
3
What is the units digit of 678759?
9
What is the millions digit of 3740487?
3
What is the units digit of 547790?
0
What is the hundreds digit of 221061?
0
What is the ten thousands digit of 1344407?
4
What is the hundreds digit of 1434657?
6
What is the hundred thousands digit of 680198?
6
What is the tens digit of 9066303?
0
What is the millions digit of 1918336?
1
What is the millions digit of 1343290?
1
What is the ten thousands digit of 199048?
9
What is the millions digit of 4837357?
4
What is the units digit of 1477283?
3
What is the units digit of 19418738?
8
What is the ten thousands digit of 7043984?
4
What 